le of 55?
False
Is 15 a factor of 4936750?
False
Is 846003 a multiple of 28?
False
Is 229 a factor of 11075?
False
Does 13 divide 1522378?
True
Is 1200044 a multiple of 172?
True
Is 12 a factor of 13349017?
False
Is 91 a factor of 348075?
True
Is 31 a factor of 5326509?
False
Does 563 divide 125268?
False
Is 457776 a multiple of 136?
True
Is 4 a factor of 347480?
True
Does 8 divide 56522?
False
Is 13 a factor of 1265823?
True
Is 12288928 a multiple of 1430?
False
Is 781706 a multiple of 12?
False
Is 186 a factor of 1431828?
True
Does 88 divide 1669096?
True
Is 417 a factor of 298572?
True
Does 61 divide 9535061?
False
Is 8385 a multiple of 65?
True
Is 48 a factor of 255888?
True
Is 2310 even?
True
Does 13 divide 5160?
False
Is 202747 a multiple of 4?
False
Is 837771 a multiple of 583?
True
Is 801485 a multiple of 314?
False
Is 5590 a multiple of 102?
False
Is 534537 a multiple of 3?
True
Is 401635 a multiple of 37?
True
Does 27 divide 272240?
False
Does 56 divide 1671880?
True
Is 100 a factor of 710200?
True
Is 560748 a multiple of 52?
False
Does 14 divide 2260804?
True
Is 29 a factor of 1386465?
False
Does 139 divide 1263093?
True
Is 4 a factor of 2028?
True
Does 20 divide 49640?
True
Is 77 a factor of 1623853?
True
Is 126960 a multiple of 23?
True
Does 6 divide 3202926?
True
Is 95349 a multiple of 10?
False
Is 2254576 a multiple of 232?
True
Is 8377844 a multiple of 93?
False
Is 1263994 a multiple of 44?
False
Is 1508892 a multiple of 161?
True
Is 29 a factor of 16951153?
False
Does 24 divide 2097657?
False
Is 26751 even?
False
Is 269462 a multiple of 60?
False
Is 15452256 a multiple of 212?
True
Is 272 a factor of 12165894?
False
Is 35 a factor of 364450?
False
Does 167 divide 1893217?
False
Does 1634 divide 19474455?
False
Is 33 a factor of 127908?
True
Is 9896670 a multiple of 115?
True
Is 6521477 a multiple of 80?
False
Is 55454 a multiple of 20?
False
Is 5296214 a multiple of 12?
False
Does 168 divide 103240?
False
Is 54 a factor of 14094?
True
Does 79 divide 1640119?
True
Is 4988360 a multiple of 905?
True
Is 1099302 a multiple of 114?
True
Is 113 a factor of 517260?
False
Does 2 divide 114418?
True
Is 67678 a multiple of 13?
True
Does 15 divide 107025?
True
Is 836 a factor of 14230112?
False
Does 423 divide 1047771?
True
Is 399320 a multiple of 20?
True
Is 30 a factor of 2635920?
True
Is 132 a factor of 5052395?
False
Is 24 a factor of 184344?
True
Does 7 divide 1119826?
False
Is 662469 a multiple of 3?
True
Is 263 a factor of 969004?
False
Is 1234780 a multiple of 1154?
True
Is 393924 a multiple of 68?
True
Is 4560713 a multiple of 14?
False
Does 33 divide 131094?
False
Is 731341 a multiple of 101?
True
Does 42 divide 3552696?
True
Does 116 divide 8146100?
True
Does 9 divide 594948?
False
Is 38 a factor of 10973867?
False
Does 86 divide 2998046?
True
Is 68 a factor of 1417936?
True
Does 12 divide 217975?
False
Is 575 a factor of 1098250?
True
Is 154 a factor of 139832?
True
Is 10 a factor of 132430?
True
Does 41 divide 832726?
False
Is 2556528 a multiple of 26?
True
Is 1415 a multiple of 5?
True
Is 353437 a multiple of 75?
False
Does 11 divide 189959?
True
Is 255055 a multiple of 36?
False
Is 702 a factor of 3623204?
False
Does 24 divide 8083440?
True
Is 14 a factor of 4909505?
False
Is 353 a factor of 7293686?
True
Is 732858 a multiple of 274?
False
Is 151408 a multiple of 20?
False
Is 17 a factor of 3459857?
True
Is 136 a factor of 296344?
True
Does 643 divide 1612644?
True
Is 9 a factor of 319203?
True
Does 5 divide 145921?
False
Is 19 a factor of 21340?
False
Is 44 a factor of 97636?
True
Is 68 a factor of 110666?
False
Is 9876107 a multiple of 402?
False
Is 635775 a multiple of 49?
True
Does 520 divide 149774?
False
Is 183384 a multiple of 12?
True
Does 121 divide 9286508?
True
Is 88789 a multiple of 22?
False
Is 1325376 a multiple of 11?
False
Is 849 a factor of 296249?
False
Is 39556 a multiple of 62?
True
Is 356742 even?
True
Does 7 divide 2231024?
False
Is 438 a factor of 12010398?
True
Does 210 divide 24774960?
True
Is 65444 a multiple of 135?
False
Is 393128 a multiple of 8?
True
Is 3061502 a multiple of 15?
False
Is 3 a factor of 12429?
True
Is 43 a factor of 861462?
True
Does 128 divide 623764?
False
Does 137 divide 366749?
True
Does 5 divide 4851871?
False
Is 11 a factor of 1889213?
False
Does 66 divide 282678?
True
Is 122025 a multiple of 5?
True
Does 536 divide 761656?
True
Is 36 a factor of 538236?
True
Does 5 divide 1008601?
False
Does 3 divide 25784?
False
Does 35 divide 470190?
True
Is 64285 a multiple of 115?
True
Does 147 divide 1691676?
True
Is 108221 a multiple of 7?
False
Does 18 divide 169956?
True
Is 16 a factor of 779520?
True
Is 3192 a multiple of 12?
True
Is 4923250 a multiple of 470?
True
Does 107 divide 179545?
False
Is 16 a factor of 593184?
True
Is 118 a factor of 144566?
False
Is 29513400 a multiple of 24?
True
Does 46 divide 8280?
True
Is 538 a factor of 24153841?
False
Is 3989524 a multiple of 17?
False
Is 43 a factor of 5993082?
True
Is 19 a factor of 634679?
False
Is 2 a factor of 50499?
False
Is 84 a factor of 77700?
True
Is 210851 a multiple of 11?
False
Is 12977263 a multiple of 483?
False
Does 16 divide 4745984?
True
Is 149 a factor of 151831?
True
Is 6 a factor of 379705?
False
Is 10360008 a multiple of 6?
True
Is 14 a factor of 14201828?
False
Is 693840 a multiple of 35?
True
Does 22 divide 422730?
True
Is 114 a factor of 18160?
False
Is 42 a factor of 77868?
True
Is 568 a factor of 2612927?
False
Is 7 a factor of 239040?
False
Is 343982 a multiple of 586?
True
Is 17 a factor of 75832?
False
Is 284 a factor of 1143253?
False
Is 268236 a multiple of 36?
True
Is 24976 a multiple of 56?
True
Is 54531 a multiple of 12?
False
Does 5 divide 3326275?
True
Is 51304 a multiple of 106?
True
Does 142 divide 44730?
True
Is 5349797 a multiple of 13?
False
Is 16658 a multiple of 18?
False
Does 32 divide 69280?
True
Is 7752 a multiple of 8?
True
Does 10 divide 1609499?
False
Is 713253 a multiple of 23?
True
Is 1186110 even?
True
Is 56 a factor of 88928?
True
Does 6 divide 31149?
False
Does 72 divide 256599?
False
Does 40 divide 2552360?
True
Is 74 a factor of 3654268?
True
Does 137 divide 172241?
False
Is 1378769 a multiple of 7?
True
Is 3 a factor of 107517?
True
Does 118 divide 2965692?
False
Is 2421225 a multiple of 75?
True
Is 40 a factor of 235516?
False
Is 8174296 a multiple of 1378?
True
Does 479 divide 48858?
True
Does 2 divide 346981?
False
Does 29 divide 261725?
True
Does 3 divide 120803?
False
Is 896 a factor of 397824?
True
Does 18 divide 476842?
False
Is 3 a factor of 281043?
True
Is 1822 a factor of 6566823?
False
Is 113 a factor of 1566971?
True
Is 568554 a multiple of 42?
True
Is 363 a factor of 845356?
False
Is 2354721 a multiple of 17?
True
Does 476 divide 5624892?
True
Is 637 a factor of 6765788?
False
Does 46 divide 2699058?
False
Is 344 a factor of 136564?
False
Is 503 a factor of 1081920?
False
Is 195 a factor of 428982?
False
Is 178290 a multiple of 9?
True
Does 96 divide 519456?
True
Is 80 a factor of 11658720?
True
Does 279 divide 46238?
False
Does 112 divide 245504?
True
Does 1618 divide 580862?
True
Is 8190262 a multiple of 90?
False
Is 1140342 a multiple of 136?
False
Is 701 a factor of 527427?
False
Is 115495 a multiple of 3?
False
Is 8 a factor of 57566?
False
Does 27 divide 9498654?
True
Is 516 a factor of 663975?
False
Is 1485958 a multiple of 10?
False
Does 18 divide 65087?
False
Does 44 divide 1839508?
True
Is 97 a factor of 977081?
True
Is 69723 a multiple of 127?
True
Does 676 divide 1076504?
False
Does 984 divide 2877295?
False
Does 54 divide 519301?
False
Does 7 divide 13585691?
True
Does 15 divide 5768685?
True
Is 58 a factor of 3134509?
False
Is 133 a factor of 2438688?
True
Does 11 divide 1205255?
False
Does 12 divide 15240?
True
Is 25 a factor of 925145?
False
Is 42696 a multiple of 24?
True
Is 6378 a multiple of 6?
True
Is 74 a factor of 548340?
True
Is 167 a factor of 770538?
True
Is 175015 a multiple of 19?
False
Is 177667 a multiple of 11?
False
Is 20 a factor of 422168?
False
Is 102 a factor of 154938?
True
Is 1930247 a multiple of 11?
True
Does 21 divide 166960?
False
Is 5 a factor of 832100?
True
Is 3 a factor of 2346376?
False
Does 58 divide 254620?
